158257. Give z(16).
1
Let y(p) = 1203*p + 6010. What is y(-5)?
-5
Let v(c) = -415*c + 34689. Determine v(84).
-171
Let v(y) = 2970*y - 175221. Calculate v(59).
9
Let k(c) = -2888*c + 171326. Determine k(59).
934
Let l(b) = b**3 - 24*b**2 - 819*b - 87. What is l(-19)?
-49
Let z(l) = 4*l**2 + 156*l - 4740. Calculate z(20).
-20
Let b(i) = 22*i**2 - 2763*i + 9642. Calculate b(122).
4
Let m(j) = -13136*j + 288994. What is m(22)?
2
Let v(q) = -q**2 - 73*q - 1769. Determine v(-97).
-4097
Let n(c) = -28993*c + 173965. Give n(6).
7
Let z(s) = 2*s**3 + 20*s**2 - 2154*s + 634. What is z(28)?
-94
Let o(w) = 198*w**2 - 1721*w + 1101. Calculate o(8).
5
Let g(q) = -426*q**2 + 587*q - 2. Determine g(2).
-532
Let n(u) = 3024*u - 29709. Calculate n(10).
531
Let n(u) = -10*u**3 - 1088*u**2 + 216*u - 219. Determine n(-109).
-1
Let i(d) = -460*d - 35255. Give i(-76).
-295
Let t(v) = 3*v**2 - 573*v + 19438. Determine t(44).
34
Let b(n) = 67256*n + 67228. Calculate b(-1).
-28
Let n(t) = -t**2 + 93341*t - 933323. Calculate n(10).
-13
Let n(l) = 3*l**2 + 7945*l + 173329. Calculate n(-22).
-9
Let c(x) = x**3 + 139*x**2 + 290*x - 25. Calculate c(0).
-25
Let r(z) = z**3 - 460*z**2 + 42262*z + 9651. Give r(333).
-6
Let z(f) = f**3 + f**2 - 23*f + 654. Calculate z(-14).
-1572
Let a(f) = 18*f**3 - 2*f**2 + 82*f - 140. Calculate a(2).
160
Let o(p) = 50874*p + 254308. Calculate o(-5).
-62
Let q(w) = 5*w**3 - 6*w**2 - 41*w - 3. Calculate q(-6).
-1053
Let u(i) = i**2 - 213*i + 11475. Determine u(69).
1539
Let k(r) = -2*r**3 - 13*r**2 + 288*r - 651. Calculate k(7).
42
Let t(b) = 133*b**3 + 13425*b**2 - 804*b + 406. Give t(-101).
2
Let u(j) = -1216*j - 493710. What is u(-406)?
-14
Let i(b) = -4*b**3 - 965*b**2 - 323*b - 19768. Calculate i(-241).
-6
Let n(m) = 19*m**3 - 23*m**2 - 106*m - 13. Determine n(-4).
-1173
Let p(k) = k**3 - 35*k**2 + 3*k - 2866. What is p(37)?
-17
Let w(v) = -v**3 + 467*v**2 + 1395*v - 214331. Determine w(469).
2
Let z(w) = -801*w + 1212. What is z(2)?
-390
Let g(o) = 2891*o**2 - 20230*o - 14. Give g(7).
35
Let f(o) = 86*o**3 + 383*o**2 - 2439*o - 8. Calculate f(-8).
-16
Let o(u) = -u**3 + 22*u**2 + 188*u - 4407. Determine o(20).
153
Let h(v) = 13*v**2 + 41*v - 114. Calculate h(-4).
-70
Let y(o) = -1073*o - 15197. Calculate y(-16).
1971
Let x(w) = 3*w**2 + 131*w - 968. Calculate x(7).
96
Let f(i) = -i**3 + 24*i**2 - 123*i - 569. Calculate f(14).
-331
Let z(i) = 3*i**2 - 1833*i + 74948. Determine z(44).
104
Let r(c) = -4*c**3 + 138*c**2 + 71*c - 39. Calculate r(35).
-4
Let f(q) = 768*q + 10307. Determine f(-13).
323
Let g(m) = 70*m + 14370. Determine g(-198).
510
Let d(b) = 2442*b + 58959. What is d(-24)?
351
Let c(f) = f**3 - 52*f**2 + 23*f + 4477. Calculate c(49).
-1599
Let i(z) = 3*z**2 + 1872*z + 208350. Give i(-145).
-15
Let w(j) = -j**3 + 35*j**2 - 302*j - 4. Give w(17).
64
Let x(g) = 518*g + 86055. What is x(-167)?
-451
Let o(a) = 2*a**3 + 38*a**2 + 264*a + 1792. Calculate o(-14).
56
Let p(i) = -i**2 + 672*i + 51927. What is p(-69)?
798
Let o(p) = -615*p + 75682. What is o(123)?
37
Let x(q) = -q**3 - 5*q**2 + 331*q + 2813. Calculate x(-10).
3
Let g(k) = 606*k - 4375. Determine g(6).
-739
Let f(v) = -3*v**3 - 112*v**2 + 73*v + 11. Calculate f(-38).
125
Let r(q) = -4*q**2 + 1717*q + 1284. Calculate r(430).
-6
Let q(s) = 47*s + 994. What is q(-17)?
195
Let y(k) = -8*k**3 + 123*k**2 - 298*k + 1999. What is y(14)?
-17
Let n(b) = -b**3 - 552*b**2 - 14597*b - 221546. Give n(-525).
4
Let q(c) = 7*c**3 + 128*c**2 - 3207*c - 3334. Determine q(-1).
-6
Let f(v) = 81*v**3 - v**2 - 18*v + 28. Calculate f(2).
636
Let j(f) = 6360*f - 53. Give j(0).
-53
Let c(t) = -t**3 + 81*t**2 - 1049*t + 3531. Give c(66).
-363
Let z(f) = 454*f**3 - 13*f**2 - 90*f - 122. Determine z(-2).
-3626
Let q(m) = -41351*m + 3266740. Determine q(79).
11
Let g(y) = 2*y**3 + 255*y**2 + 1830*y + 3605. What is g(-120)?
5
Let z(b) = -13*b**2 + 360*b - 1124. What is z(24)?
28
Let u(b) = -591*b**2 - 5879*b + 57. Give u(-10).
-253
Let k(w) = w**2 + 26614*w - 799316. Give k(30).
4
Let b(y) = -7187*y - 287559. What is b(-40)?
-79
Let h(p) = -6*p**2 + 1014*p - 788. Calculate h(168).
220
Let h(l) = 919*l - 55336. Determine h(60).
-196
Let a(i) = i**3 - i**2 - 1789*i - 15317. Calculate a(-9).
-26
Let b(k) = -3949259*k + 27644803. Give b(7).
-10
Let w(f) = -f**2 + 421*f - 3711. What is w(412)?
-3
Let w(s) = s**3 - 30*s**2 - 2515*s + 84601. Determine w(40).
1
Let d(m) = -803*m - 2927. Calculate d(-4).
285
Let q(a) = 4*a**3 - 622*a**2 + 940*a - 2470. What is q(154)?
-6
Let o(y) = -118*y**2 + 143293*y - 49779. Calculate o(1214).
-5
Let x(f) = f**3 + 22*f**2 + 165*f + 373. What is x(-8)?
-51
Let w(f) = -f**2 + 742*f - 41569. What is w(61)?
-28
Let j(q) = -3199*q - 399876. Determine j(-125).
-1
Let m(k) = 4*k**3 + 15*k**2 + 32*k + 203. Calculate m(-5).
-82
Let v(n) = -n**2 + 73*n - 1292. Give v(29).
-16
Let u(d) = -23*d**2 + 2*d + 291. What is u(-4)?
-85
Let f(g) = -1022*g + 5270. Give f(6).
-862
Let n(m) = -893936*m - 4469673. Give n(-5).
7
Let c(k) = 88*k + 3098. Calculate c(-40).
-422
Let w(b) = 2*b - 530. Calculate w(27).
-476
Let d(k) = 32*k**2 + 3808*k - 3834. Give d(-120).
6
Let g(z) = -21527*z + 21522. Calculate g(1).
-5
Let c(j) = -147335*j + 1473349. Calculate c(10).
-1
Let k(j) = -j**2 - 163*j + 2044. Determine k(-175).
-56
Let m(w) = -26185*w + 25802. Determine m(1).
-383
Let j(b) = 3*b**2 + 991*b + 7958. What is j(-8)?
222
Let m(g) = 195*g**2 - 205*g - 205. What is m(-1)?
195
Let c(t) = -10094*t - 30287. Give c(-3).
-5
Let n(o) = 6*o**3 + 82*o**2 - 132*o - 349. Give n(-15).
-169
Let f(a) = -a**3 - 13*a**2 + 66*a + 792. What is f(-15)?
252
Let i(h) = 2979*h**2 + 133*h - 138. Calculate i(1).
2974
Let q(c) = c**3 - 24*c**2 - 100*c + 113. What is q(26)?
-1135
Let l(n) = -n**2 - 96*n - 1442. Give l(-21).
133
Let l(a) = a**3 - 191*a**2 + 197*a - 1453. Calculate l(190).
-123
Let t(p) = -1670*p + 32922. Calculate t(21).
-2148
Let l(m) = -6006*m**2 - 5816*m + 186. Determine l(-1).
-4
Let y(q) = q**3 + 3*q**2 - 1988*q - 431. Determine y(-46).
29
Let x(n) = -411*n**2 + 28359*n + 2. Give x(69).
2
Let l(m) = m**2 + 534*m + 9528. Give l(-18).
240
Let x(c) = 111*c**2 - 857*c + 587. Give x(7).
27
Let c(w) = w**2 + 4370*w - 33. Determine c(0).
-33
Let x(w) = -15*w**3 - 4*w**2 - 17*w + 36. Calculate x(-5).
1896
Let u(l) = -3*l**3 - 60*l**2 + 216*l + 5219. Determine u(-19).
32
Let f(t) = 765*t**2 + 4030*t + 1019. Calculate f(-5).
-6
Let a(v) = -2*v**3 - 858*v**2 - 1706*v + 869. Give a(-427).
15
Let m(o) = -724*o**3 + 19555*o**2 - 171*o - 483. Calculate m(27).
3
Let k(g) = -640*g**2 + 2649*g + 5. What is k(4)?
361
Let d(b) = -b**3 - 41405*b**2 - 331185*b - 79. Calculate d(-8).
-7
Let g(f) = -f**3 + 54*f**2 - 466*f + 86. What is g(38)?
5482
Let u(k) = -2*k**3 + 28*k**2 + 45881*k - 596799. What is u(13)?
-8
Let a(y) = 64*y + 3277. What is a(-47)?
269
Let n(d) = -90*d**3 - 22770*d**2 - 6*d - 1511. Give n(-253).
7
Let k(j) = -j**3 + 452*j**2 + 3184*j - 94. Determine k(-7).
109
Let y(c) = -21*c - 1879. Determine y(65).
-3244
Let v(k) = -6*k**2 + 359*k - 1085. Calculate v(3).
-62
Let j(c) = -8*c**2 + 134*c - 283. Determine j(4).
125
Let l(o) = -896*o + 7574. Calculate l(9).
-490
Let w(y) = -41659*y + 12372719. What is w(297)?
-4
Let h(x) = 46*x**2 + 415*x + 377. Determine h(-1).
8
Let g(l) = -7491*l + 224734. What is g(30)?
4
Let l(f) = -3*f**2 + 14753*f - 14754. Give l(1).
-4
Let w(y) = -13*y**3 - 4*y**2 + 324*y - 1369. What is w(5)?
-1474
Let n(t) = -2*t**3 + 61*t**2 + 22*t - 1770. Determine n(30).
-210
Let a(b) = b**2 - 15676*b + 188085. What is a(12)?
117
Let i(d) = 12*d**2 - 45*d + 31. Determine i(3).
4
Let q(j) = j**3 + 4*j**2 + 18*j + 44. What is q(-3)?
-1
Let d(z) = -195959*z + 783833. Determine d(4).
-3
Let t(p) = 32*p**2 - 468*p + 2175. Give t(11).
899
Let u(m) = m**3 - 44*m**2 + 430*m + 112. Calculate u(18).
-572
Let x(t) = -2992*t - 26906. What is x(-9)?
22
Let b(f) = 74*f - 7538. What is b(89)?
-952
Let b(p) = -p**2 + 800*p + 22132. Determine b(-27).
-197
Let x(f) = -2*f**2 - 143*f + 10465. Determine x(45).
-20
Let q(z) = 2384*z - 14092. Give q(6).
212
Let z(q) = 18927*q - 6018785. Give z(318).
1
Let k(x) = x**3 - 63*x**2 - 5011*x + 135. Calculate k(-46).
-3
Let l(u) = u**3 + 146*u**2 + 1180*u + 107406. W